3, 607
What are the prime factors of 1111801039?
641, 1231, 1409
What are the prime factors of 77954442?
2, 3, 43, 467, 647
List the prime factors of 520832761.
13469, 38669
What are the prime factors of 79876753?
11, 7261523
What are the prime factors of 237458121?
3, 79, 1001933
What are the prime factors of 5214314?
2, 7, 372451
What are the prime factors of 721244732?
2, 13, 29, 463, 1033
List the prime factors of 24290511.
3, 7, 137, 8443
List the prime factors of 4553482.
2, 2276741
List the prime factors of 134559511.
134559511
What are the prime factors of 47193898?
2, 269, 87721
List the prime factors of 3484819749.
3, 17, 68329799
List the prime factors of 206765212.
2, 2143, 24121
List the prime factors of 10023391.
7, 337, 607
List the prime factors of 68150755.
5, 173, 78787
What are the prime factors of 247944081?
3, 7, 11, 1073351
List the prime factors of 836991812.
2, 311, 672823
What are the prime factors of 354439626?
2, 3, 43, 131, 10487
List the prime factors of 625700340.
2, 3, 5, 37, 93949
What are the prime factors of 57123998?
2, 28561999
What are the prime factors of 152206113?
3, 50735371
List the prime factors of 4333344550.
2, 5, 1031, 84061
What are the prime factors of 292546292?
2, 23, 3179851
What are the prime factors of 758934539?
11, 431, 160079
List the prime factors of 165535072.
2, 379, 13649
List the prime factors of 261436979.
19, 1429, 9629
What are the prime factors of 1413391583?
1413391583
What are the prime factors of 1951530319?
5953, 327823
List the prime factors of 16314541.
16314541
What are the prime factors of 91346992?
2, 11, 103, 5039
What are the prime factors of 34014777?
3, 11338259
What are the prime factors of 1706061017?
1706061017
List the prime factors of 787004085.
3, 5, 7, 691, 10847
List the prime factors of 1949881220.
2, 5, 7, 13927723
What are the prime factors of 517745361?
3, 7, 241, 102301
What are the prime factors of 2566031089?
2566031089
List the prime factors of 122606204.
2, 7, 347, 12619
What are the prime factors of 18612455?
5, 3722491
List the prime factors of 96071457.
3, 53, 604223
List the prime factors of 34510961.
4723, 7307
List the prime factors of 4870957.
7, 13, 53527
List the prime factors of 207378698.
2, 103689349
List the prime factors of 60988245.
3, 5, 197, 20639
List the prime factors of 154515956.
2, 7, 97, 56891
List the prime factors of 10387364.
2, 13, 53, 3769
List the prime factors of 64248909.
3, 37, 578819
What are the prime factors of 3611600403?
3, 2203, 546467
List the prime factors of 3631147535.
5, 293, 821, 3019
What are the prime factors of 18687808?
2, 291997
List the prime factors of 85269007.
6833, 12479
List the prime factors of 1272763033.
353, 3605561
What are the prime factors of 48011372?
2, 12002843
What are the prime factors of 626298021?
3, 23196223
List the prime factors of 259635045.
3, 5, 17309003
List the prime factors of 1206517203.
3, 271, 494677
List the prime factors of 14207677.
11, 47, 27481
List the prime factors of 276359592.
2, 3, 2309, 4987
List the prime factors of 64796404.
2, 16199101
List the prime factors of 1469449663.
11, 131, 401, 2543
List the prime factors of 147619435.
5, 3347, 8821
What are the prime factors of 39161788?
2, 2447, 4001
What are the prime factors of 16215947?
11, 1474177
What are the prime factors of 822188954?
2, 47, 59, 148249
List the prime factors of 162181980.
2, 3, 5, 233, 1289
What are the prime factors of 212138955?
3, 5, 7, 673457
List the prime factors of 155495734.
2, 19, 4091993
List the prime factors of 388268089.
11, 53, 665983
What are the prime factors of 259417974?
2, 3, 463, 93383
What are the prime factors of 55543896?
2, 3, 17, 23, 1973
List the prime factors of 969448225.
5, 38777929
What are the prime factors of 655489457?
7, 93641351
What are the prime factors of 5535678987?
3, 73, 8425691
List the prime factors of 37079222.
2, 19, 229, 4261
What are the prime factors of 229816345?
5, 11, 23, 139, 1307
List the prime factors of 2816890306.
2, 1408445153
What are the prime factors of 451031811?
3, 17, 137, 64553
List the prime factors of 208879303.
208879303
What are the prime factors of 46257729?
3, 7, 47, 46867
List the prime factors of 6305290602.
2, 3, 13, 80837059
What are the prime factors of 203203192?
2, 25400399
List the prime factors of 16722215.
5, 3344443
What are the prime factors of 2487947748?
2, 3, 11, 13, 73, 19861
What are the prime factors of 832737991?
832737991
What are the prime factors of 89767241?
5639, 15919
List the prime factors of 3743253600.
2, 3, 5, 1559689
List the prime factors of 192085106.
2, 3793, 25321
List the prime factors of 903338054.
2, 37, 12207271
What are the prime factors of 6396629?
457, 13997
What are the prime factors of 7479454812?
2, 3, 623287901
List the prime factors of 1250492160.
2, 3, 5, 137, 2377
What are the prime factors of 403606516?
2, 139, 743, 977
What are the prime factors of 447745223?
103, 4347041
What are the prime factors of 1337025990?
2, 3, 5, 41, 107, 10159
List the prime factors of 37004594.
2, 11, 233, 7219
List the prime factors of 202852840.
2, 5, 17, 31, 9623
List the prime factors of 71514457.
7, 163, 233, 269
What are the prime factors of 592785884?
2, 173, 856627
What are the prime factors of 32400807?
3, 10800269
List the prime factors of 965375325.
3, 5, 37, 61, 1901
What are the prime factors of 527392769?
131, 4025899
What are the prime factors of 2460137956?
2, 233, 2639633
List the prime factors of 27269217.
3, 293, 383
List the prime factors of 1390350377.
13, 233, 459013
List the prime factors of 22309323.
3, 29, 149, 1721
List the prime factors of 817476168.
2, 3, 34061507
What are the prime factors of 86912787?
3, 13, 2228533
What are the prime factors of 13136507?
29, 452983
What are the prime factors of 5750626748?
2, 1437656687
What are the prime factors of 213647152?
2, 2309, 5783
What are the prime factors of 407721678?
2, 3, 7, 13, 746743
What are the prime factors of 1528408244?
2, 11, 2579, 13469
List the prime factors of 34680800.
2, 5, 7, 11, 563
What are the prime factors of 44930093?
13, 59, 58579
List the prime factors of 54818521.
457, 119953
List the prime factors of 62655451.
101, 620351
List the prime factors of 242812643.
242812643
What are the prime factors of 4365084184?
2, 1283, 425281
What are the prime factors of 248315093?
13, 19101161
List the prime factors of 101659933.
101659933
What are the prime factors of 59597785?
5, 13, 43, 21323
What are the prime factors of 4021654?
2, 7, 13, 19, 1163
List the prime factors of 2026140432.
2, 3, 42211259
List the prime factors of 67770728.
2, 2557, 3313
What are the prime factors of 440803894?
2, 193, 359, 3181
What are the prime factors of 46478726?
2, 7, 673, 4933
List the prime factors of 270422787.
3, 67, 109, 12343
What are the prime factors of 4063124200?
2, 5, 181, 112241
List the prime factors of 1018161893.
7, 37, 47, 83641
List the prime factors of 907797570.
2, 3, 5, 661, 45779
List the prime factors of 482323798.
2, 11, 21923809
What are the prime factors of 385883552?
2, 67, 211, 853
List the prime factors of 56129268.
2, 3, 13, 19, 29, 653
List the prime factors of 2020924749.
3, 883, 762901
List the prime factors of 485720685.
3, 5, 17, 211643
List the prime factors of 3453756393.
3, 1151252131
List the prime factors of 41145255.
3, 5, 914339
List the prime factors of 61032511.
67, 503, 1811
List the prime factors of 3882310348.
2, 7, 138653941
What are the prime factors of 2303811135?
3, 5, 1583, 32341
What are the prime factors of 280732905?
3, 5, 29, 71707
List the prime factors of 5293272053.
5293272053
List the prime factors of 476937644.
2, 383, 419, 743
What are the prime factors of 185550472?
2, 769, 30161
List the prime factors of 32694479.
32694479
What are the prime factors of 1928835504?
2, 3, 17, 87547
List the prime factors of 1541344895.
5, 308268979
List the prime factors of 85482369.
3, 7, 761, 1783
List the prime factors of 2719067122.
2, 16963, 80147
List the prime factors of 384392163.
3, 101, 1268621
List the prime factors of 34828092.
2, 3, 13, 74419
What are the prime factors of 101235076?
2, 1933, 13093
List the prime factors of 192369039.
3, 64123013
What are the p